1).
-3
Let j(s) = s + 3. Let a(h) = h + 5. Let v(q) = -5*a(q) + 7*j(q). Give v(6).
8
Let m(i) = 2*i + 2. Let x(p) = -35*p + 144. Let k be x(4). Calculate m(k).
10
Let p(w) = -w**3 + 13*w**2 - w + 17. Let a be p(13). Suppose x + 12 - a = 0. Let j(s) = s + 14. What is j(x)?
6
Let g = -162 - -163. Let o(b) = 7*b. Determine o(g).
7
Let y be 2/(5/(50/4)). Let g = -28 + 28. Let j(f) = 2 + g - 16*f + 4 + 17*f. Give j(y).
11
Let c(w) = -8*w**2 - w. Suppose 3*x - 9 = 2*g, -3*g + 5*x + 24 = -4*g. Let j be ((-3)/9)/((-3)/g). Determine c(j).
-7
Suppose 24 = 2*y + 5*l, 15 = 5*y + 5*l - 15. Suppose 3*i + y*z = -1 + 24, -4*z = -5*i + 9. Let g(q) = -q**3 + 5*q**2 + q. What is g(i)?
5
Let a = 23 + 61. Let r be (-6)/(-15) + a/(-60). Let y(u) = 13*u**3 - u. Give y(r).
-12
Suppose 0 = b - 0*b. Let r(u) = 5*u**2 - 6*u + 9. Let m(s) = -8*s**2 + 10*s - 17. Let y(i) = -3*m(i) - 5*r(i). What is y(b)?
6
Let u(l) = 20*l + 283. Let g be u(-14). Let m(o) = -o**2 + 4*o - 1. Determine m(g).
2
Let y(a) = -3*a**2 - 2*a + 2. Let x be 40/(-140) + (-481)/7. Let q = x - -67. Calculate y(q).
-6
Let j(s) = s**3 + 4*s**2. Let h(a) be the first derivative of -a**4/4 + 8*a**3/3 - 4*a**2 + 3*a + 1. Let g be h(7). Determine j(g).
0
Let h(v) = 21 + 20*v - 71*v + 22*v + 17*v + 17*v. Determine h(-5).
-4
Let a(l) be the first derivative of -19*l**4/4 + 2*l**2 + 15. Let s(c) = 13*c**3 - 3*c. Let v(f) = 5*a(f) + 7*s(f). Determine v(1).
-5
Let n(l) = l**2 + 17*l - 32. Suppose 152 = -10*u + 2*u. Let k be n(u). Let g(t) = t**3 - 7*t**2 + 5*t - 6. Determine g(k).
-12
Let o(l) be the second derivative of -l**5/20 - l**4/4 - l**3/3 - l**2 - 619*l. Give o(-2).
-2
Let h be 3 + 0 + -4 + -5. Let d(w) = -w**2 - 4*w + 5. Let v be d(-4). Let b(k) = 4*k + 2*k + v - 4*k**2 + 5*k**2. What is b(h)?
5
Let q(z) = -z**3 + 8*z**2 + 17*z + 23. Let v be q(10). Let k(w) = 2*w + 9. Give k(v).
-5
Let b(q) = -q**3 - 3*q**2 - 3 + 0*q**2 + 2*q**3. Let j = 23 - 19. Let h(f) = 2*f - 5. Let y be h(j). Determine b(y).
-3
Let f(g) = -3*g - 9. Suppose -5*l - 5*a - 15 = 0, 5*a - 3 = -3*l - 16. Let c(b) = -1. Let s(d) = l*f(d) + 3*c(d). Determine s(-4).
-6
Let k(v) = -12 + 7*v**2 + 0 - 3*v - 3*v + 6 - v**3. Calculate k(6).
-6
Let w(j) be the third derivative of -j**4/24 - j**3 - j**2 - 286*j. Suppose -4*v + 2*z - 8 = -9*v, 20 = 5*z. Determine w(v).
-6
Suppose 0*k - k - 4*n + 5 = 0, -2*k = 2*n - 10. Let g(i) = -i**2 + 2 + 0 + k*i + 4 - 1. Determine g(4).
9
Let g(j) = j**2 + 12*j - 8. Suppose s + 21 = -2*w, 3*w - 7 = 4*w - 3*s. Let o be g(w). Let f be (0 - 0)/(o/(-14)). Let h(c) = -c**2 - c - 11. Determine h(f).
-11
Let b(i) = -22*i + 204. Let w be b(9). Let u(c) = -1 - 2*c - c + 2*c. Give u(w).
-7
Let n(t) = -70*t**2 + 69*t**2 - 9 + 12. Let i = 21 - 12. Let l be (-2)/(12/i)*2. Determine n(l).
-6
Let o(r) = -r**2 + 2*r - 3. Let k(b) = -4*b - 30. Let s be k(-10). Suppose -5*i = n - 4*n - s, 2*i - 4*n = 4. Calculate o(i).
-3
Suppose -7 = -s + 4*r - 0, -2*s = -3*r - 14. Let x be (-4)/(-3)*3/2. Let l(q) = -7*q - 5*q**x + 4*q**2 + 2*q**2. Calculate l(s).
0
Suppose 2*u - 4 = 2*l, 2*u + 5*l = 1 + 3. Let b(c) = 2*c**3 - 2*c**2 - 2. Determine b(u).
6
Let z(q) = q**2 + 4*q + 2. Let m(h) = h**3 + 19*h**2 + 18*h + 8. Let t(s) = s**2 + s - 1. Let n(p) = -m(p) - 2*t(p). Let x be n(-20). Give z(x).
14
Let f(s) = -s**2 - 19*s + 25. Let m be f(-20). Let q(w) = 2 + 0 + 4*w - m. Give q(2).
5
Let x(z) = -z + 1. Let l(d) = 2 + 1 + 0 - d + 3. Let n be l(2). Determine x(n).
-3
Let w(l) = 31*l + 30. Let d(o) = 17*o + 15. Let a(p) = 11*d(p) - 6*w(p). Calculate a(0).
-15
Let b(u) = 59*u + 568 - 544 - 63*u. Give b(7).
-4
Let h(a) = 223*a - 224*a + a**2 - 2*a**2 + 2 + a**3. Let o(x) = -6*x. Let n be o(1). Let k = n + 8. What is h(k)?
4
Let f(n) be the first derivative of n**4/4 + 7*n**3/3 + 5*n**2/2 - 7*n + 82. Determine f(-6).
-1
Suppose 10 = 7*x - 6*x. Let f(u) = -x - 87*u + 44*u + 44*u. Determine f(7).
-3
Let m(i) be the first derivative of -i**3/3 - 16*i - 301. Let r(h) = h**3 - 4*h**2 + 3*h. Let x be r(3). Give m(x).
-16
Suppose 11 = -5*s - 189. Let a = s - -39. Let b(f) = -10*f**2 + f + 1. Determine b(a).
-10
Let d(j) = -j**2 + 8*j - 8. Let a be 3/(6/22) + -5. Determine d(a).
4
Let y(z) = -z**3 - 11*z**2 - 5*z - 16. Let a(d) = 2*d**3 + 24*d**2 + 11*d + 33. Let s(v) = -6*a(v) - 13*y(v). Give s(0).
10
Let x = 278 - 272. Let g(s) = -s**2 + 7*s + 2. Determine g(x).
8
Let a(p) = 2*p - 4. Let o(z) = -2*z + 3. Let l(x) = -6*a(x) - 7*o(x). Let k(u) = -3*u - 4. Let j(q) = 5*k(q) + 6*l(q). Calculate j(3).
-11
Let k(n) = -n**3 - 4*n**2 + 4*n - 3. Let x be k(-5). Let f = 3 - x. Let u(i) = -3*i**3 - i + 2*i**2 - 64 + 64. Give u(f).
-2
Let k(y) = -y**2 + 5*y. Suppose -4 - 6 = -5*c. Let d(z) = z + 4*z**c + z**2 - z**2. Let u be d(1). Determine k(u).
0
Let o(r) = r + 2*r + 2*r**2 - 4*r**2 + r**3 + 6*r**2. Let d = -17 + 25. Suppose 5*a - 4*t = -20, d*a + 12 = 5*a + t. What is o(a)?
-12
Let c = 0 - 1. Let j(x) = x**2 + 3*x - 4. Let s(n) = -n**2. Let o(g) = j(g) - 5*s(g). Let t(l) = -l**2 - l + 1. Let f(z) = o(z) + 4*t(z). What is f(c)?
3
Suppose 0 = -b - 2*b + 6. Let i(x) = -b - x**3 - x + x**2 + 2. Suppose 387*f - 385*f = 0. Determine i(f).
0
Let v be (-3 - 0)/(-1) - 3. Let y(z) = 0*z - 1 + v*z + 5*z + z. Suppose -4*l + 8*l = -4. Give y(l).
-7
Suppose 0 = 33*d - 35*d + 22. Let x(y) = -y + 10 + y**2 - d + 7. Calculate x(0).
6
Let f(w) = -4*w - 8. Let d be 18/(-6) - 21/7. Give f(d).
16
Let z be 2 + (-5)/(20/4). Let d = z - 0. Let i(h) = 16*h - 6. Let f(x) = -x + 1. Let n(p) = -6*f(p) - i(p). Determine n(d).
-10
Suppose -q = 2*r - 23, 0*r = -5*r - 3*q + 57. Let d(s) = -s - 6*s + r*s - 4*s. Determine d(7).
7
Suppose -4*q = -2*k + 34, 34 = 4*k - 2*k + q. Let v = 19 - k. Suppose v*g = 3*g - 5*w - 27, -g = 4*w + 9. Let i(n) = -n + 7. Calculate i(g).
0
Let n(w) = -w + 2. Let z = 37 - 35. Let c(l) = -2*l + 1. Let y(a) = z*c(a) - 3*n(a). Give y(-2).
-2
Let z be (-24)/18*-2*75/40. Let p(x) = 2*x**2 - 7*x - 1. What is p(z)?
14
Let d be (5/(-4))/(13/(-52)). Let j(m) = m + 1. Determine j(d).
6
Let f(d) = -3*d**3 + 1. Let h be f(1). Let u(r) be the second derivative of 0*r**4 + 11*r + 0 + 1/2*r**3 + 1/2*r**2 - 1/20*r**5. Determine u(h).
3
Let j = 114 + -114. Let s(n) = n + 26. Give s(j).
26
Let a = -125 + 127. Let g(h) = -5 + 1 - 2*h**a + 8*h**3 + 5*h**3 - 14*h**3 + 2*h. What is g(-3)?
-1
Let f(z) = 2*z**3 - 3*z + 0 + 5*z**2 + 5 - 4. Let h(i) = i**2 - i. Let k be (-2 - (1 - 2))/(-1). Let d(a) = k*f(a) - 4*h(a). Determine d(-1).
-1
Suppose -27*h + 25*h = -d - 8, d = 4*h - 12. Let n(t) = -2*t**2 + 2*t + 6. What is n(d)?
-34
Let j be 2*2*3/6. Let c be (3/j)/((-10)/20). Let h(v) = -v - 4. Determine h(c).
-1
Let m(j) = -j + 5. Let d(l) = -1. Let v(t) = -6*d(t) - m(t). What is v(-2)?
-1
Let m(g) = 3*g**2 + 18 - 3*g**2 + 6*g**2 + 0*g**2 - 8*g**2 + 33*g. Calculate m(17).
1
Let n(d) = -6*d**2 - 7*d - 7. Let c be n(0). Let g(x) = -x**3 - 8*x**2 - 8*x - 7. Determine g(c).
0
Let o(j) = j + 10. Let t(y) = y**3 + 5*y**2 - 9*y - 10. Let a be t(-6). Suppose -a*i - 40 = 40. Calculate o(i).
0
Suppose 4*h + 0*y = -2*y + 4, -h - 6 = 4*y. Let w(z) = -12*z**h - 7*z**2 + 24*z**2 + z. Calculate w(-1).
4
Let a(l) = -l**2 - l + 1. Let b(x) = -3*x**2 - 16*x + 10. Let o(f) = -4*a(f) + b(f). Calculate o(5).
-29
Let v = 114 + -110. Let y(q) = 4 - v*q**3 - 14*q**3 + 2*q**2 + q - q**2 - 3. What is y(-1)?
19
Let a(m) = -m**2 + 3*m. Let g be a(3). Let i(r) = -1 + 6*r + g*r + 11*r - 4*r. Suppose 4*t - 4 = -0*t. Calculate i(t).
12
Let q(b) be the third derivative of 1/60*b**5 + 1/8*b**4 + 1/3*b**3 + 1/60*b**6 + b**2 + 0 + 0*b. Suppose -5*i + 3*f - 10 = 0, i = 21*f - 20*f - 2. Give q(i).
-16
Let m(k) be the second derivative of k**5/20 + 5*k**4/12 - k**3/3 - 2*k**2 - 5*k. Calculate m(-5).
6
Let a(y) be the first derivative of y**2/2 + 22*y + 13. Let o be a(-14). Let q(p) = 13 - 2 - 3*p**2 - o + 4*p**2 - 6*p. Determine q(6).
3
Let u be ((-3)/3)/((-1)/(-13)). Suppose 55 = -6*l + 1. Let a = u - l. Let r(f) = -3*f - 3. What is r(a)?
9
Let b(q) = 1 - 799*q**2 + 1609*q**2 - 804*q**2. Suppose -4*a = 2*t + 1 + 11, -2*a = -4*t - 14. Determine b(a).
7
Suppose 5*f - 18*f - 39 = 0. Let x(h) = 0 + 5 - 2 + h. Calculate x(f).
0
Let y = 63 + -63. Let f(d) = 0*d + 102*d**3 + 0 - 101*d**3 + 3 - d. What is f(y)?
3
Let f(h) = -10*h**3